e?
True
Let i = 20775 - 11176. Is i a prime number?
False
Suppose -3*x + 7*x - 29 = -3*w, -w = -x + 16. Let u = x - 15. Is ((-395)/10)/(2/u) a composite number?
False
Let b = -8 + 21. Let p(m) = -m**3 + 15*m**2 - 7*m + 3. Let y be p(b). Suppose y = 4*d - 2*k - 76, 0 = -k + 3. Is d a prime number?
True
Let w(u) = 156*u + 3. Let l(s) = 52*s + 1. Let x(m) = -8*l(m) + 3*w(m). Let o = 32 + -31. Is x(o) composite?
False
Let c be 114/22 - 2/11. Suppose -a = -4*a + p + 26305, 2*a - c*p - 17554 = 0. Is a a composite number?
True
Let g = 636 + 1517. Is g prime?
True
Let k = -1988 - -3937. Is k composite?
False
Let r = 165 - 52. Let j = 205 - r. Let s = j - -11. Is s composite?
False
Suppose 0*c - 4*c - 244 = 0. Let o = c + 207. Is o a prime number?
False
Let p = 56 + -53. Suppose 0*z - 4091 = -p*o - 4*z, o + 5*z = 1371. Is o a prime number?
True
Let g(x) = 862*x**3 + 2*x**2 - 1. Suppose 10 - 16 = -6*a. Is g(a) composite?
False
Suppose -3*q - 2280 = -q. Let d = 2579 + q. Is d a prime number?
True
Is 5 + (1 + -4)*-4144 a composite number?
False
Let s be -3 + 6 - 0/(2 - -1). Suppose x + 4*x - 793 = 3*i, -s*x + 487 = i. Is x a prime number?
False
Suppose 0*d + 4 = 4*d, -2*n = 2*d - 10. Suppose 3*y - 100 = -2*x, 4*y = y + 12. Suppose -c - 38 = -g, -c - n*c = g - x. Is g a composite number?
True
Let m = 12948 - 4445. Is m prime?
False
Let n = 10 - 14. Is (n - 406/(-2))*1 composite?
False
Let o = 26 - 27. Let w be -6*o*(1 + 1). Let h = -2 + w. Is h composite?
True
Let u(r) = -36*r**2 - r + 1. Let n(v) = 36*v**2 - 1. Let a(w) = 4*n(w) + 3*u(w). Is a(4) prime?
True
Let u(v) = -4*v - 13. Let o be u(8). Is (3*1685/o)/(1/(-15)) composite?
True
Let o = 4385 - 2076. Is o prime?
True
Let w(i) = -460*i + 241. Is w(-36) composite?
True
Let v = 15 + -13. Suppose 0 = -v*a + 1 + 5. Suppose -a*o = -44 - 667. Is o composite?
True
Suppose 0 = 26*n - 13*n - 124631. Is n composite?
False
Suppose 0*g + 2*g = -6. Is (-793)/(-2)*(-1 - g) a composite number?
True
Let x = 717 + 76. Is x composite?
True
Suppose -2*f + 282 = -144. Suppose -2*h + f = -41. Is h composite?
False
Suppose 0 = 60*k - 61*k - 232. Let c = k - -354. Is c prime?
False
Let j = 22 - 20. Is 640 - (j/4)/((-1)/2) a composite number?
False
Let u(h) = 186*h**2 - 6*h + 101. Is u(7) prime?
True
Let s(m) = m**2 - 3*m - 3. Suppose -4*a + 2 + 4 = 3*c, 2*c + 3*a = 5. Let w be 9 - (c - -1)/(-1). Is s(w) a composite number?
False
Is 205605/57 + (-12)/114 composite?
False
Let u(q) be the second derivative of -6*q**2 + 4*q + 1/3*q**3 + 0 + 1/12*q**4. Is u(-9) a composite number?
True
Let l(r) = -r**2 + 13*r - 10. Let g be l(12). Suppose 567 - 109 = 2*j - 3*d, 0 = g*j - 5*d - 466. Is j a composite number?
False
Let j(p) = -2*p**3 - p**2 + 3*p. Let b(z) = 3*z**3 + z**2 - 4*z. Let n(a) = 5*b(a) + 7*j(a). Let w be n(2). Suppose 614 = -0*l + w*l. Is l a prime number?
True
Is (-337956)/(-15) - 1 - 8/20 prime?
False
Let v(i) = i + 311. Let u be v(0). Let g = u - 180. Is g composite?
False
Let g = -5 - -4. Is 202/1 + (0 - g) a prime number?
False
Let a = -40 - -88. Suppose 5*b = -177 - a. Let x = -14 - b. Is x a prime number?
True
Let w be 3/2 - 21/14. Suppose w + 12 = 3*g. Suppose g*x - 1549 = 3*p, 3*p = 5*x + 129 - 2069. Is x prime?
False
Let d be (-16)/24 - (-23577)/9. Let q = d - 1258. Is q composite?
False
Let z = 4410 + -1270. Suppose 3*t - z = -t. Is t a prime number?
False
Let q(w) = 6659*w + 422. Is q(9) composite?
False
Let i(v) = 18540*v**3 + 8*v**2 - 7*v - 2. Is i(1) a composite number?
False
Suppose 546 = 5*z + z. Let l = z + -69. Is l composite?
True
Suppose j - 2*j = 0. Let x = j - -10. Is 1 + x*5 + -2 a prime number?
False
Let l(i) = -22*i + 9. Let w be (-1)/(4 + 43/(-11)). Is l(w) composite?
False
Suppose -216257 = -51*k + 85102. Is k composite?
True
Suppose -p - 17268 = -4*x, 4*p = 3*x + x - 17268. Is x a composite number?
True
Suppose 3*t + 12 - 83 = -2*k, -5*k = 4*t - 104. Let c = t - 19. Is (1 + -3)/c*-159 composite?
True
Suppose -3*t + 0*t = -4*o - 21, 0 = 2*o + 2*t + 14. Let b be (958/o)/((-3)/(-9)). Let f = b - -810. Is f composite?
False
Let f(s) = 3*s**2 - 3*s + 58. Is f(5) a composite number?
True
Let t be (3 - -2 - 7)/((-2)/(-326)). Let g = t - -577. Is g a prime number?
True
Suppose 0 = -34*p + 39*p - 25. Suppose -5*u + 674 = t, p*t + u = 6*u + 3400. Suppose 4*o - 3*b = 315 + t, -4*o + 980 = 4*b. Is o a prime number?
False
Suppose 7*o - 6*o - 698 = 0. Suppose -o = -4*z + 98. Is z prime?
True
Suppose 0 = -4*h - 0*h + 32. Let l be (h/(-6))/((-48)/108). Suppose 55 + 56 = l*f. Is f prime?
True
Suppose 2*t = 6*t - 2836. Is t prime?
True
Suppose v - 3*b - 1986 = -v, 4*v - 3972 = -3*b. Is v a prime number?
False
Let v(y) = 43*y**2 + 4*y - 23. Is v(8) a prime number?
False
Let q = -12659 + 31354. Suppose -10*j = -24195 - q. Is j composite?
False
Suppose 6920 + 2874 = 2*g. Is g a prime number?
False
Let x(b) = 5*b**2 - 51*b + 407. Is x(56) a prime number?
False
Let a = 23 + -19. Suppose -a = 3*y - y. Is 23/y*(0 - 4) prime?
False
Let v = 140 + -87. Let z = v + -22. Is z composite?
False
Let q = -20038 - -28559. Is q composite?
False
Suppose 4*h = -s - 3*s + 32904, 5*h = 25. Suppose 4*l = 3*j + s, j + 4*j = -15. Is l a prime number?
True
Let k = -338 + 495. Is k composite?
False
Suppose -2*t + 3 + 5 = 0. Suppose 4*s = q - 167, 4*s - 17 = t*q - 193. Let v = -2 - s. Is v a composite number?
True
Let u = 379 + 110. Is u composite?
True
Let p(c) = 126*c**3 + c. Let h = 70 + -69. Is p(h) prime?
True
Let u = 43 + -41. Suppose 11507 + 816 = 5*v - 3*m, u*v = -4*m + 4950. Is v a prime number?
True
Suppose m = v - 45, m = -2*v + 12 + 78. Suppose 3*u - v = -372. Let g = u - -162. Is g prime?
True
Suppose -2789 = n - 10690. Is n prime?
True
Let o(q) = 0*q + 11*q**2 + 17 - 9*q - q**3 - 5 - 2*q. Let v be o(10). Suppose -5*s = -v*g - 481, s - 3*g - 285 = -2*s. Is s prime?
True
Suppose -5*x - 4*l + 6 - 1 = 0, 40 = 5*x - 3*l. Suppose -2532 = -x*d + 703. Is d composite?
False
Let p(u) be the second derivative of -u**5/20 - u**4/2 + 5*u**3/2 + 3*u**2/2 + 13*u. Is p(-14) prime?
True
Let d(o) = -172*o + 33. Is d(-10) a prime number?
True
Is (((-11)/33)/1)/(2/(-182202)) a composite number?
False
Let k = 33 + -27. Suppose k*i = 10*i - 428. Let s = i + 104. Is s prime?
True
Let m(r) = -7*r**3 - 3*r - 3. Is m(-4) a composite number?
False
Suppose -1022 = 5*j - 10257. Suppose 5*b - j = 4*b. Is b prime?
True
Suppose 8*r - 4*r - 51554 = -k, -5*r + 64439 = 3*k. Suppose 1301 = -4*m + r. Is m prime?
True
Suppose 0 = 68*c - 31706 - 15282. Is c a composite number?
False
Let r(n) be the second derivative of -919*n**4/24 - n**3/3 + n**2 - 7*n. Let x(h) be the first derivative of r(h). Is x(-1) composite?
True
Let u(b) = 74*b**2 + 2*b + 6. Let s(n) = -3*n**2 + 7*n - 6. Let w be s(1). Is u(w) a prime number?
False
Suppose 15 = -3*y - 6. Suppose 4*b - q = 2 - 6, -2*b + q = 0. Is (y/(-21))/(b/(-2388)) a prime number?
False
Let r(o) = -o - 6. Let k be r(-6). Suppose -x = -4*t - 1 - 2, k = 3*t. Suppose -x*q + 1499 = 4*p, -q - 3*q + 391 = p. Is p composite?
True
Let u = -41 + 45. Suppose 301 = 2*a - n, a = 4*a + u*n - 435. Is a composite?
False
Suppose -11*s + 63693 = 4*l - 6*s, -5*s = -2*l + 31869. Is l composite?
True
Suppose -2*c - 1 = -3. Suppose k - 3*k = -4. Is (-161)/(-2 + k - c) composite?
True
Let n = 3984 - 2149. Is n a prime number?
False
Let q be 12390/50 + 2/10. Let v = q - 57. Is v a composite number?
False
Suppose 4*y = 4*x + 32, 0 = -4*x + y - 1 - 25. Is (-1 + 4)/(x/(-178)) a prime number?
True
Is -3 + 133 + 1 + -6 + 2 prime?
True
Suppose -3246 = -2*s + 3590. Is s a prime number?
False
Let l = 50 + -48. Is (-303)/2*(-15)/9*l composite?
True
Suppose -o = -7*p + 2*p - 102, 0 = 4*o + 4*p - 312. Let v = o + -11. Is v prime?
True
Let p be -12*((-65)/(-3) + -1). Suppose 1 = -h, 3*w + 4*h + 432 = -w. Let c = w - p. Is c prime?
False
Let g(h) be the first derivative of 171*h**2 + h - 32. Is g(4) composite?
True
Is (16 + 1437864/(-36))/((-2)/3) a composite number?
False
Let p(r) be the second derivative of r**4/2 - r**3/6 - 4*r**2 - 5*r. Is p(-7) a composite number?
False
Suppose -458442 = -70*d - 129232. Is d a composite number?
False
Suppose 17075 = 103*m - 98*m. Is m a prime number?
False
Is 1*((-5870)/2)/(-5) a prime number?
True
Let x(i) = 21